{"id":1548,"date":"2026-01-30T17:19:22","date_gmt":"2026-01-30T14:19:22","guid":{"rendered":"http:\/\/www.zaferosb.com.tr\/?page_id=1548"},"modified":"2026-01-30T17:22:33","modified_gmt":"2026-01-30T14:22:33","slug":"lisanssiz-uretim-basvurulari-degerlendirme-duyurusu-21-01-2026","status":"publish","type":"page","link":"http:\/\/www.zaferosb.com.tr\/index.php\/lisanssiz-uretim-basvurulari-degerlendirme-duyurusu-21-01-2026\/","title":{"rendered":"Lisanss\u0131z \u00dcretim Ba\u015fvurular\u0131 De\u011ferlendirme Duyurusu &#8211; 21.01.2026"},"content":{"rendered":"\n<figure class=\"wp-block-image size-large\"><img decoding=\"async\" loading=\"lazy\" width=\"1024\" height=\"724\" src=\"http:\/\/www.zaferosb.com.tr\/wp-content\/uploads\/2026\/01\/Lisanssiz-Uretim-Basvurulari_page-0001-1024x724.jpg\" alt=\"\" class=\"wp-image-1549\" srcset=\"http:\/\/www.zaferosb.com.tr\/wp-content\/uploads\/2026\/01\/Lisanssiz-Uretim-Basvurulari_page-0001-1024x724.jpg 1024w, http:\/\/www.zaferosb.com.tr\/wp-content\/uploads\/2026\/01\/Lisanssiz-Uretim-Basvurulari_page-0001-300x212.jpg 300w, http:\/\/www.zaferosb.com.tr\/wp-content\/uploads\/2026\/01\/Lisanssiz-Uretim-Basvurulari_page-0001-768x543.jpg 768w, http:\/\/www.zaferosb.com.tr\/wp-content\/uploads\/2026\/01\/Lisanssiz-Uretim-Basvurulari_page-0001-1536x1086.jpg 1536w, http:\/\/www.zaferosb.com.tr\/wp-content\/uploads\/2026\/01\/Lisanssiz-Uretim-Basvurulari_page-0001.jpg 1755w\" sizes=\"(max-width: 1024px) 100vw, 1024px\" \/><\/figure>\n","protected":false},"excerpt":{"rendered":"","protected":false},"author":1,"featured_media":0,"parent":0,"menu_order":0,"comment_status":"closed","ping_status":"closed","template":"","meta":[],"_links":{"self":[{"href":"http:\/\/www.zaferosb.com.tr\/index.php\/wp-json\/wp\/v2\/pages\/1548"}],"collection":[{"href":"http:\/\/www.zaferosb.com.tr\/index.php\/wp-json\/wp\/v2\/pages"}],"about":[{"href":"http:\/\/www.zaferosb.com.tr\/index.php\/wp-json\/wp\/v2\/types\/page"}],"author":[{"embeddable":true,"href":"http:\/\/www.zaferosb.com.tr\/index.php\/wp-json\/wp\/v2\/users\/1"}],"replies":[{"embeddable":true,"href":"http:\/\/www.zaferosb.com.tr\/index.php\/wp-json\/wp\/v2\/comments?post=1548"}],"version-history":[{"count":1,"href":"http:\/\/www.zaferosb.com.tr\/index.php\/wp-json\/wp\/v2\/pages\/1548\/revisions"}],"predecessor-version":[{"id":1550,"href":"http:\/\/www.zaferosb.com.tr\/index.php\/wp-json\/wp\/v2\/pages\/1548\/revisions\/1550"}],"wp:attachment":[{"href":"http:\/\/www.zaferosb.com.tr\/index.php\/wp-json\/wp\/v2\/media?parent=1548"}],"curies":[{"name":"wp","href":"https:\/\/api.w.org\/{rel}","templated":true}]}}