{"id":1336,"date":"2017-02-15T10:40:06","date_gmt":"2017-02-15T07:40:06","guid":{"rendered":"http:\/\/omersavas.com\/zaferosb\/?page_id=1336"},"modified":"2023-10-21T21:12:43","modified_gmt":"2023-10-21T18:12:43","slug":"bolge-muduru","status":"publish","type":"page","link":"http:\/\/www.zaferosb.com.tr\/index.php\/bolge-muduru\/","title":{"rendered":"B\u00f6lge M\u00fcd\u00fcr\u00fc"},"content":{"rendered":"<ul style=\"list-style: none;\">\n<li class=\"views-row views-row-1 views-row-odd views-row-first\">\n<div class=\"views-field views-field-field-resim\">\n<p><img decoding=\"async\" loading=\"lazy\" class=\" wp-image-1433 aligncenter\" src=\"http:\/\/www.zaferosb.com.tr\/wp-content\/uploads\/2017\/02\/g\u00f6ksel-\u0131lgaz-247x300.jpg\" alt=\"\" width=\"243\" height=\"295\" srcset=\"http:\/\/www.zaferosb.com.tr\/wp-content\/uploads\/2017\/02\/g\u00f6ksel-\u0131lgaz-247x300.jpg 247w, http:\/\/www.zaferosb.com.tr\/wp-content\/uploads\/2017\/02\/g\u00f6ksel-\u0131lgaz-768x932.jpg 768w, http:\/\/www.zaferosb.com.tr\/wp-content\/uploads\/2017\/02\/g\u00f6ksel-\u0131lgaz.jpg 808w\" sizes=\"(max-width: 243px) 100vw, 243px\" \/><\/p>\n<\/div>\n<\/li>\n<li class=\"views-row views-row-1 views-row-odd views-row-first\" style=\"text-align: center;\"><span class=\"views-field views-field-title\"><span class=\"views-label views-label-title\">Hasan G\u00f6ksel ILGAZ<\/span><\/span><br \/>\n<span class=\"views-field views-field-field-g-revi\"><span class=\"views-label views-label-field-g-revi\">\u00a0 \u00a0 <\/span><span class=\"field-content\">B\u00f6lge M\u00fcd\u00fcr\u00fc\u00a0<\/span><\/span><\/li>\n<\/ul>\n<p style=\"text-align: center;\">\n<p style=\"text-align: center;\">\n<p style=\"text-align: center;\">\n","protected":false},"excerpt":{"rendered":"<p>Hasan G\u00f6ksel ILGAZ \u00a0 \u00a0 B\u00f6lge M\u00fcd\u00fcr\u00fc\u00a0<\/p>\n","protected":false},"author":1,"featured_media":0,"parent":0,"menu_order":0,"comment_status":"closed","ping_status":"closed","template":"","meta":[],"_links":{"self":[{"href":"http:\/\/www.zaferosb.com.tr\/index.php\/wp-json\/wp\/v2\/pages\/1336"}],"collection":[{"href":"http:\/\/www.zaferosb.com.tr\/index.php\/wp-json\/wp\/v2\/pages"}],"about":[{"href":"http:\/\/www.zaferosb.com.tr\/index.php\/wp-json\/wp\/v2\/types\/page"}],"author":[{"embeddable":true,"href":"http:\/\/www.zaferosb.com.tr\/index.php\/wp-json\/wp\/v2\/users\/1"}],"replies":[{"embeddable":true,"href":"http:\/\/www.zaferosb.com.tr\/index.php\/wp-json\/wp\/v2\/comments?post=1336"}],"version-history":[{"count":7,"href":"http:\/\/www.zaferosb.com.tr\/index.php\/wp-json\/wp\/v2\/pages\/1336\/revisions"}],"predecessor-version":[{"id":1462,"href":"http:\/\/www.zaferosb.com.tr\/index.php\/wp-json\/wp\/v2\/pages\/1336\/revisions\/1462"}],"wp:attachment":[{"href":"http:\/\/www.zaferosb.com.tr\/index.php\/wp-json\/wp\/v2\/media?parent=1336"}],"curies":[{"name":"wp","href":"https:\/\/api.w.org\/{rel}","templated":true}]}}