{"id":1333,"date":"2017-02-15T10:38:24","date_gmt":"2017-02-15T07:38:24","guid":{"rendered":"http:\/\/omersavas.com\/zaferosb\/?page_id=1333"},"modified":"2024-10-16T20:55:03","modified_gmt":"2024-10-16T17:55:03","slug":"mutesebbis-heyeti","status":"publish","type":"page","link":"http:\/\/www.zaferosb.com.tr\/index.php\/mutesebbis-heyeti\/","title":{"rendered":"M\u00fcte\u015febbis Heyeti"},"content":{"rendered":"<ul style=\"list-style: none;\">\n<li class=\"views-row views-row-1 views-row-odd views-row-first\">\n<div class=\"views-field views-field-field-resim\">\n<p><img decoding=\"async\" loading=\"lazy\" class=\"alignnone wp-image-1404\" src=\"http:\/\/www.zaferosb.com.tr\/wp-content\/uploads\/2017\/02\/Vali-Musa-I\u015f\u0131n-300x300.jpg\" alt=\"\" width=\"231\" height=\"231\" srcset=\"http:\/\/www.zaferosb.com.tr\/wp-content\/uploads\/2017\/02\/Vali-Musa-I\u015f\u0131n-300x300.jpg 300w, http:\/\/www.zaferosb.com.tr\/wp-content\/uploads\/2017\/02\/Vali-Musa-I\u015f\u0131n-150x150.jpg 150w, http:\/\/www.zaferosb.com.tr\/wp-content\/uploads\/2017\/02\/Vali-Musa-I\u015f\u0131n.jpg 400w\" sizes=\"(max-width: 231px) 100vw, 231px\" \/><\/p>\n<div class=\"field-content\">Musa I\u015eIN<\/div>\n<\/div>\n<p><span class=\"views-field views-field-field-mesle-i\"><span class=\"field-content\">Vali<\/span> <\/span><br \/>\n<span class=\"views-field views-field-field-g-revi\"><span class=\"field-content\">M\u00fcte\u015febbis Heyet Ba\u015fkan\u0131<\/span><\/span><\/li>\n<li class=\"views-row views-row-1 views-row-odd views-row-first\"><\/li>\n<li class=\"views-row views-row-2 views-row-even\">\n<div class=\"views-field views-field-field-resim\"><\/div>\n<p><img decoding=\"async\" loading=\"lazy\" class=\"alignnone size-medium wp-image-1405\" src=\"http:\/\/www.zaferosb.com.tr\/wp-content\/uploads\/2017\/02\/esin-han\u0131m-300x169.jpg\" alt=\"\" width=\"300\" height=\"169\" srcset=\"http:\/\/www.zaferosb.com.tr\/wp-content\/uploads\/2017\/02\/esin-han\u0131m-300x169.jpg 300w, http:\/\/www.zaferosb.com.tr\/wp-content\/uploads\/2017\/02\/esin-han\u0131m-768x432.jpg 768w, http:\/\/www.zaferosb.com.tr\/wp-content\/uploads\/2017\/02\/esin-han\u0131m-1024x576.jpg 1024w, http:\/\/www.zaferosb.com.tr\/wp-content\/uploads\/2017\/02\/esin-han\u0131m.jpg 1200w\" sizes=\"(max-width: 300px) 100vw, 300px\" \/><\/li>\n<li class=\"views-row views-row-2 views-row-even\"><span class=\"views-field views-field-title\"><span class=\"views-label views-label-title\">Esin G\u00dcRAL ARGAT<\/span><\/span><br \/>\n<span class=\"views-field views-field-field-mesle-i\"><span class=\"views-label views-label-field-mesle-i\">K\u00fctahya Ticaret ve Sanayi Odas\u0131 Ba\u015fkan\u0131<\/span>\u00a0<\/span><br \/>\n<span class=\"views-field views-field-field-g-revi\"><span class=\"views-label views-label-field-g-revi\">M\u00fcte\u015febbis Heyet Ba\u015fkan\u0131 Vekili<\/span><\/span><\/li>\n<li class=\"views-row views-row-2 views-row-even\"><\/li>\n<li class=\"views-row views-row-2 views-row-even\"><\/li>\n<\/ul>\n<p><img decoding=\"async\" loading=\"lazy\" class=\"alignnone size-medium wp-image-1501\" src=\"http:\/\/www.zaferosb.com.tr\/wp-content\/uploads\/2024\/10\/hikmet-tunc-300x225.jpeg\" alt=\"\" width=\"300\" height=\"225\" srcset=\"http:\/\/www.zaferosb.com.tr\/wp-content\/uploads\/2024\/10\/hikmet-tunc-300x225.jpeg 300w, http:\/\/www.zaferosb.com.tr\/wp-content\/uploads\/2024\/10\/hikmet-tunc-1024x768.jpeg 1024w, http:\/\/www.zaferosb.com.tr\/wp-content\/uploads\/2024\/10\/hikmet-tunc-768x576.jpeg 768w, http:\/\/www.zaferosb.com.tr\/wp-content\/uploads\/2024\/10\/hikmet-tunc-1536x1152.jpeg 1536w, http:\/\/www.zaferosb.com.tr\/wp-content\/uploads\/2024\/10\/hikmet-tunc.jpeg 1600w\" sizes=\"(max-width: 300px) 100vw, 300px\" \/><\/p>\n<p>Hikmet TUN\u00c7<br \/>\nAlt\u0131nta\u015f Belediye Ba\u015fkan\u0131<br \/>\nY\u00f6netim Kurulu Ba\u015fkan Vekili.<\/p>\n<ul style=\"list-style: none;\">\n<li class=\"views-row views-row-2 views-row-even\"><\/li>\n<li class=\"views-row views-row-3 views-row-odd\">\n<div class=\"views-field views-field-field-resim\"><\/div>\n<\/li>\n<li class=\"views-row views-row-3 views-row-odd\"><\/li>\n<li class=\"views-row views-row-3 views-row-odd\"><span style=\"color: #ffffff;\">.<img decoding=\"async\" loading=\"lazy\" class=\"alignnone size-medium wp-image-1502\" src=\"http:\/\/www.zaferosb.com.tr\/wp-content\/uploads\/2024\/10\/MUCAHIT_ERACAR1-300x221.jpg\" alt=\"\" width=\"300\" height=\"221\" srcset=\"http:\/\/www.zaferosb.com.tr\/wp-content\/uploads\/2024\/10\/MUCAHIT_ERACAR1-300x221.jpg 300w, http:\/\/www.zaferosb.com.tr\/wp-content\/uploads\/2024\/10\/MUCAHIT_ERACAR1.jpg 750w\" sizes=\"(max-width: 300px) 100vw, 300px\" \/><\/span><\/li>\n<li class=\"views-row views-row-3 views-row-odd\">\n<div class=\"views-field views-field-field-resim\">\n<div class=\"field-content\"><span style=\"font-size: 0.875rem;\">M\u00fccahit ERACAR<\/span><\/div>\n<\/div>\n<p><span class=\"views-field views-field-field-mesle-i\"><span class=\"views-label views-label-field-mesle-i\">\u0130l \u00d6zel \u0130daresi- Genel Sekreteri<\/span><\/span><br \/>\n<span class=\"views-field views-field-field-g-revi\"><span class=\"field-content\">Y\u00f6netim Kurulu \u00dcyesi\u00a0&amp; OSB\u00dcK \u00dcyesi<\/span><\/span><\/li>\n<li class=\"views-row views-row-4 views-row-even\"><\/li>\n<li class=\"views-row views-row-4 views-row-even\"><img decoding=\"async\" loading=\"lazy\" class=\"alignnone wp-image-1407\" src=\"http:\/\/www.zaferosb.com.tr\/wp-content\/uploads\/2017\/02\/1608723839464-300x300.jpg\" alt=\"\" width=\"231\" height=\"231\" srcset=\"http:\/\/www.zaferosb.com.tr\/wp-content\/uploads\/2017\/02\/1608723839464-300x300.jpg 300w, http:\/\/www.zaferosb.com.tr\/wp-content\/uploads\/2017\/02\/1608723839464-150x150.jpg 150w, http:\/\/www.zaferosb.com.tr\/wp-content\/uploads\/2017\/02\/1608723839464.jpg 367w\" sizes=\"(max-width: 231px) 100vw, 231px\" \/><\/li>\n<li class=\"views-row views-row-4 views-row-even\"><span style=\"color: #ffffff;\">.<\/span>\n<div class=\"views-field views-field-field-resim\"><span class=\"views-field views-field-title\"><span class=\"views-label views-label-title\">M.Selman HAT\u0130PO\u011eLU<\/span><\/span><br \/>\n<span class=\"views-field views-field-field-mesle-i\"><span class=\"views-label views-label-field-mesle-i\">K\u00fctahya Ticaret ve Sanayi Odas\u0131-Y\u00f6n.Kur.B\u015fk.Yard.<\/span><\/span><br \/>\n<span class=\"views-field views-field-field-g-revi\"><span class=\"field-content\">Y\u00f6netim Kurulu \u00dcyesi &amp; OSB\u00dcK \u00dcyesi<\/span><\/span><\/div>\n<\/li>\n<\/ul>\n<p style=\"text-align: left;\"><span class=\"views-field views-field-title\"><span class=\"views-label views-label-title\">\u00a0 \u00a0 Aykan KOYUN<\/span><\/span><br \/>\n<span class=\"views-field views-field-field-mesle-i\"><span class=\"views-label views-label-field-mesle-i\">\u00a0 \u00a0 \u0130l \u00d6zel \u0130daresi- Mali Hizmetler M\u00fcd\u00fcr\u00fc<\/span><\/span><br \/>\n<span class=\"views-field views-field-field-g-revi\"><span class=\"views-label views-label-field-g-revi\">\u00a0 \u00a0 Denetim<\/span><span class=\"field-content\">\u00a0Kurulu \u00dcyesi<\/span><\/span><\/p>\n<p style=\"text-align: left;\">\u00a0 \u00a0<img decoding=\"async\" loading=\"lazy\" class=\"size-medium wp-image-1375\" src=\"http:\/\/www.zaferosb.com.tr\/wp-content\/uploads\/2017\/02\/kutahya-tarihinin-en-genc-belediye-baskan-vekili-oldu-1558165944-300x169.jpg\" alt=\"\" width=\"300\" height=\"169\" srcset=\"http:\/\/www.zaferosb.com.tr\/wp-content\/uploads\/2017\/02\/kutahya-tarihinin-en-genc-belediye-baskan-vekili-oldu-1558165944-300x169.jpg 300w, http:\/\/www.zaferosb.com.tr\/wp-content\/uploads\/2017\/02\/kutahya-tarihinin-en-genc-belediye-baskan-vekili-oldu-1558165944-768x432.jpg 768w, http:\/\/www.zaferosb.com.tr\/wp-content\/uploads\/2017\/02\/kutahya-tarihinin-en-genc-belediye-baskan-vekili-oldu-1558165944.jpg 960w\" sizes=\"(max-width: 300px) 100vw, 300px\" \/><\/p>\n<p style=\"text-align: left;\"><span class=\"views-field views-field-title\"><span class=\"views-label views-label-title\">\u00a0 \u00a0\u00d6zay AKBULUT<\/span><\/span><br \/>\n<span class=\"views-field views-field-field-mesle-i\"><span class=\"views-label views-label-field-mesle-i\">\u00a0 \u00a0Alt\u0131nta\u015f Belediyesi- Meclis \u00dcyesi<\/span><\/span><br \/>\n<span class=\"views-field views-field-field-g-revi\"><span class=\"views-label views-label-field-g-revi\">\u00a0 \u00a0Denetim<\/span><span class=\"field-content\">\u00a0Kurulu \u00dcyesi<\/span><\/span><\/p>\n<p><img decoding=\"async\" loading=\"lazy\" class=\"alignnone wp-image-1416\" src=\"http:\/\/www.zaferosb.com.tr\/wp-content\/uploads\/2017\/02\/fatih-alk\u0131\u015f.jpg\" alt=\"\" width=\"192\" height=\"237\" \/><\/p>\n<p><span class=\"views-label views-label-title\"><span class=\"views-field views-field-field-g-revi\"><span class=\"field-content\"><span class=\"views-field views-field-title\">\u00a0 Fatih ALKI\u015e<\/span><br \/>\n<span class=\"views-field views-field-field-mesle-i\"><span class=\"views-label views-label-field-mesle-i\">\u00a0 K\u00fctahya Ticaret ve Sanayi Odas\u0131-Y\u00f6netim Kurulu \u00dcyesi<\/span><\/span><br \/>\nM\u00fcte\u015febbis Heyet \u00dcyesi<\/span><\/span><\/span><\/p>\n<p style=\"text-align: left;\">\u00a0 \u00a0<img decoding=\"async\" loading=\"lazy\" class=\"alignnone wp-image-1423\" src=\"http:\/\/www.zaferosb.com.tr\/wp-content\/uploads\/2017\/02\/o\u011fuz-s\u00fcng\u00fc.jpg\" alt=\"\" width=\"179\" height=\"218\" \/><\/p>\n<p style=\"margin: 0cm;\"><span style=\"font-family: 'Open Sans',sans-serif; color: #555555;\">\u00a0 O\u011fuz S\u00dcNG\u00dc<\/span><\/p>\n<p style=\"margin: 0cm; font-variant-ligatures: normal; font-variant-caps: normal; orphans: 2; text-align: start; widows: 2; -webkit-text-stroke-width: 0px; text-decoration-thickness: initial; text-decoration-style: initial; text-decoration-color: initial; word-spacing: 0px;\"><span style=\"font-family: 'Open Sans',sans-serif; color: #555555;\">\u00a0 \u0130l \u00d6zel \u0130daresi Meclis \u00dcyesi<\/span><\/p>\n<p style=\"margin: 0cm; font-variant-ligatures: normal; font-variant-caps: normal; orphans: 2; widows: 2; -webkit-text-stroke-width: 0px; text-decoration-thickness: initial; text-decoration-style: initial; text-decoration-color: initial; word-spacing: 0px;\"><span style=\"font-family: 'Open Sans',sans-serif; color: #555555;\">\u00a0 M\u00fcte\u015febbis Heyet \u00dcyesi &amp; OSB\u00dcK \u00dcyesi<\/span><\/p>\n<p style=\"text-align: left;\">\u00a0 <img decoding=\"async\" loading=\"lazy\" class=\"alignnone size-full wp-image-1521\" src=\"http:\/\/www.zaferosb.com.tr\/wp-content\/uploads\/2024\/10\/Adem-yakaci.jpg\" alt=\"\" width=\"237\" height=\"248\" \/><\/p>\n<p><span class=\"views-field views-field-title\">Adem YAKACI<\/span><br \/>\n<span class=\"views-field views-field-field-mesle-i\"><span class=\"views-label views-label-field-mesle-i\">\u00a0Alt\u0131nta\u015f Belediyesi- Meclis \u00dcyesi<\/span><\/span><br \/>\nM\u00fcte\u015febbis Heyet \u00dcyesi<\/p>\n<p><img decoding=\"async\" loading=\"lazy\" class=\"alignnone size-full wp-image-1427\" src=\"http:\/\/www.zaferosb.com.tr\/wp-content\/uploads\/2017\/02\/zeyit.jpg\" alt=\"\" width=\"243\" height=\"205\" \/><\/p>\n<p><span class=\"views-field views-field-title\">\u00a0 \u00a0M.Zeyit DAMAR<\/span><br \/>\n<span class=\"views-field views-field-field-mesle-i\"><span class=\"views-label views-label-field-mesle-i\">\u00a0 \u00a0K\u00fctahya Ticaret ve Sanayi Odas\u0131-Meclis \u00dcyesi<\/span><\/span><br \/>\nM\u00fcte\u015febbis Heyet \u00dcyesi<\/p>\n<p style=\"text-align: left;\">\u00a0 \u00a0<img decoding=\"async\" loading=\"lazy\" class=\"alignnone size-medium wp-image-1424\" src=\"http:\/\/www.zaferosb.com.tr\/wp-content\/uploads\/2017\/02\/r\u0131fat-300x174.jpg\" alt=\"\" width=\"300\" height=\"174\" srcset=\"http:\/\/www.zaferosb.com.tr\/wp-content\/uploads\/2017\/02\/r\u0131fat-300x174.jpg 300w, http:\/\/www.zaferosb.com.tr\/wp-content\/uploads\/2017\/02\/r\u0131fat.jpg 374w\" sizes=\"(max-width: 300px) 100vw, 300px\" \/><\/p>\n<p style=\"margin: 0cm;\"><span style=\"color: #555555;\">\u00a0 R\u0131fat HAT\u0130PO\u011eLU<\/span><\/p>\n<p style=\"margin: 0cm; font-variant-ligatures: normal; font-variant-caps: normal; orphans: 2; widows: 2; -webkit-text-stroke-width: 0px; text-decoration-thickness: initial; text-decoration-style: initial; text-decoration-color: initial; word-spacing: 0px;\">\u00a0 \u00a0\u0130l \u00d6zel \u0130daresi-Makine \u0130kmal M\u00fcd\u00fcr\u00fc<\/p>\n<p style=\"margin: 0cm; font-variant-ligatures: normal; font-variant-caps: normal; orphans: 2; widows: 2; -webkit-text-stroke-width: 0px; text-decoration-thickness: initial; text-decoration-style: initial; text-decoration-color: initial; word-spacing: 0px;\"><span style=\"color: #555555;\">\u00a0 \u00a0M\u00fcte\u015febbis Heyet \u00dcyesi<\/span><\/p>\n<p style=\"margin: 0cm; font-variant-ligatures: normal; font-variant-caps: normal; orphans: 2; widows: 2; -webkit-text-stroke-width: 0px; text-decoration-thickness: initial; text-decoration-style: initial; text-decoration-color: initial; word-spacing: 0px;\">\n<p style=\"margin: 0cm;\"><span style=\"color: #555555;\">\u00a0 \u00a0Mehmet BACAK<\/span><\/p>\n<p style=\"margin: 0cm; font-variant-ligatures: normal; font-variant-caps: normal; orphans: 2; widows: 2; -webkit-text-stroke-width: 0px; text-decoration-thickness: initial; text-decoration-style: initial; text-decoration-color: initial; word-spacing: 0px;\"><span style=\"color: #555555;\">\u00a0 \u00a0Alt\u0131nta\u015f Belediyesi Meclis \u00dcyesi<\/span><\/p>\n<p style=\"margin: 0cm; font-variant-ligatures: normal; font-variant-caps: normal; orphans: 2; widows: 2; -webkit-text-stroke-width: 0px; text-decoration-thickness: initial; text-decoration-style: initial; text-decoration-color: initial; word-spacing: 0px;\">\u00a0 \u00a0M\u00fcte\u015febbis Heyet \u00dcyesi &amp;\u00a0OSB\u00dcK \u00dcyesi<\/p>\n<p style=\"margin: 0cm; font-variant-ligatures: normal; font-variant-caps: normal; orphans: 2; widows: 2; -webkit-text-stroke-width: 0px; text-decoration-thickness: initial; text-decoration-style: initial; text-decoration-color: initial; word-spacing: 0px;\">\n<p style=\"margin: 0cm; font-variant-ligatures: normal; font-variant-caps: normal; orphans: 2; widows: 2; -webkit-text-stroke-width: 0px; text-decoration-thickness: initial; text-decoration-style: initial; text-decoration-color: initial; word-spacing: 0px;\">\n<p style=\"margin: 0cm; font-variant-ligatures: normal; font-variant-caps: normal; orphans: 2; widows: 2; -webkit-text-stroke-width: 0px; text-decoration-thickness: initial; text-decoration-style: initial; text-decoration-color: initial; word-spacing: 0px;\">\u00a0 \u00a0<img decoding=\"async\" loading=\"lazy\" class=\"alignnone size-full wp-image-1428\" src=\"http:\/\/www.zaferosb.com.tr\/wp-content\/uploads\/2017\/02\/sel\u00e7uk.jpg\" alt=\"\" width=\"219\" height=\"209\" \/><\/p>\n<p style=\"margin: 0cm; font-variant-ligatures: normal; font-variant-caps: normal; orphans: 2; widows: 2; -webkit-text-stroke-width: 0px; text-decoration-thickness: initial; text-decoration-style: initial; text-decoration-color: initial; word-spacing: 0px;\"><span class=\"views-field views-field-title\">\u00a0 \u00a0Sel\u00e7uk A\u015eAN<\/span><br \/>\n<span class=\"views-field views-field-field-mesle-i\"><span class=\"views-label views-label-field-mesle-i\">\u00a0 \u00a0K\u00fctahya Ticaret ve Sanayi Odas\u0131-Meclis \u00dcyesi<\/span><\/span><br \/>\nM\u00fcte\u015febbis Heyet \u00dcyesi<\/p>\n<p style=\"margin: 0cm; font-variant-ligatures: normal; font-variant-caps: normal; orphans: 2; widows: 2; -webkit-text-stroke-width: 0px; text-decoration-thickness: initial; text-decoration-style: initial; text-decoration-color: initial; word-spacing: 0px;\">\n<p style=\"margin: 0cm; font-variant-ligatures: normal; font-variant-caps: normal; orphans: 2; widows: 2; -webkit-text-stroke-width: 0px; text-decoration-thickness: initial; text-decoration-style: initial; text-decoration-color: initial; word-spacing: 0px;\">\u00a0\u00a0<img decoding=\"async\" loading=\"lazy\" class=\"alignnone size-full wp-image-1429\" src=\"http:\/\/www.zaferosb.com.tr\/wp-content\/uploads\/2017\/02\/\u015f\u00fckr\u00fc.jpg\" alt=\"\" width=\"223\" height=\"266\" \/><\/p>\n<p style=\"margin: 0cm;\"><span style=\"color: #555555;\">\u00a0 \u015e\u00fckr\u00fc TI\u011e<\/span><\/p>\n<p style=\"margin: 0cm; font-variant-ligatures: normal; font-variant-caps: normal; orphans: 2; widows: 2; -webkit-text-stroke-width: 0px; text-decoration-thickness: initial; text-decoration-style: initial; text-decoration-color: initial; word-spacing: 0px;\"><span style=\"color: #555555;\">\u00a0 Alt\u0131nta\u015f Belediyesi Meclis \u00dcyesi<\/span><\/p>\n<p style=\"margin: 0cm; font-variant-ligatures: normal; font-variant-caps: normal; orphans: 2; widows: 2; -webkit-text-stroke-width: 0px; text-decoration-thickness: initial; text-decoration-style: initial; text-decoration-color: initial; word-spacing: 0px;\">\u00a0 M\u00fcte\u015febbis Heyet \u00dcyesi<\/p>\n","protected":false},"excerpt":{"rendered":"<p>Musa I\u015eIN Vali M\u00fcte\u015febbis Heyet Ba\u015fkan\u0131 Esin G\u00dcRAL ARGAT K\u00fctahya Ticaret ve Sanayi Odas\u0131 Ba\u015fkan\u0131\u00a0 M\u00fcte\u015febbis Heyet Ba\u015fkan\u0131 Vekili Hikmet TUN\u00c7 Alt\u0131nta\u015f Belediye Ba\u015fkan\u0131 Y\u00f6netim Kurulu Ba\u015fkan Vekili. . M\u00fccahit &#8230;<\/p>\n","protected":false},"author":1,"featured_media":0,"parent":0,"menu_order":0,"comment_status":"closed","ping_status":"closed","template":"","meta":[],"_links":{"self":[{"href":"http:\/\/www.zaferosb.com.tr\/index.php\/wp-json\/wp\/v2\/pages\/1333"}],"collection":[{"href":"http:\/\/www.zaferosb.com.tr\/index.php\/wp-json\/wp\/v2\/pages"}],"about":[{"href":"http:\/\/www.zaferosb.com.tr\/index.php\/wp-json\/wp\/v2\/types\/page"}],"author":[{"embeddable":true,"href":"http:\/\/www.zaferosb.com.tr\/index.php\/wp-json\/wp\/v2\/users\/1"}],"replies":[{"embeddable":true,"href":"http:\/\/www.zaferosb.com.tr\/index.php\/wp-json\/wp\/v2\/comments?post=1333"}],"version-history":[{"count":18,"href":"http:\/\/www.zaferosb.com.tr\/index.php\/wp-json\/wp\/v2\/pages\/1333\/revisions"}],"predecessor-version":[{"id":1522,"href":"http:\/\/www.zaferosb.com.tr\/index.php\/wp-json\/wp\/v2\/pages\/1333\/revisions\/1522"}],"wp:attachment":[{"href":"http:\/\/www.zaferosb.com.tr\/index.php\/wp-json\/wp\/v2\/media?parent=1333"}],"curies":[{"name":"wp","href":"https:\/\/api.w.org\/{rel}","templated":true}]}}